{"id":13926,"date":"2024-03-13T09:37:02","date_gmt":"2024-03-13T09:37:02","guid":{"rendered":"https:\/\/jafep.com\/?post_type=jafep_producto&#038;p=13926"},"modified":"2025-04-01T07:47:29","modified_gmt":"2025-04-01T07:47:29","slug":"aural-fachadas-tinta-para-fachadas-texturada","status":"publish","type":"product","link":"https:\/\/jafep.com\/pt-pt\/producto\/aural-fachadas-tinta-para-fachadas-texturada\/","title":{"rendered":"Aural Fachadas Tinta para fachadas Texturada"},"content":{"rendered":"<p>Tinta para fachadas lisa de textura fina e elevada qualidade, elaborada com resinas de emuls\u00e3o acr\u00edlica que conferem \u00e0 tinta propriedades inovadoras: produto semi-el\u00e1stico, elevada resist\u00eancia aos raios ultravioleta e boa dureza.<\/p>\n<p>Produto ideal para a prote\u00e7\u00e3o de fachadas com excecional brancura, cobertura e rendimento, para al\u00e9m de proporcionar um resultado decorativo.<\/p>\n<p>N\u00e3o amarelece, tem uma excelente resist\u00eancia \u00e0 deteriora\u00e7\u00e3o da resina pelos raios UV, e um baixo odor. Impermeabiliza as fachadas mantendo a sua respirabilidade. A sua formula\u00e7\u00e3o cont\u00e9m aditivos conservantes para proteger a pel\u00edcula.<\/p>\n<p>&nbsp;<\/p>\n","protected":false},"excerpt":{"rendered":"<p>Tinta para fachadas lisa de textura fina e elevada qualidade, elaborada com resinas de emuls\u00e3o acr\u00edlica que conferem \u00e0 tinta propriedades inovadoras: produto semi-el\u00e1stico, elevada resist\u00eancia aos raios ultravioleta e boa dureza. Produto ideal para a prote\u00e7\u00e3o de fachadas com excecional brancura, cobertura e rendimento, para al\u00e9m de proporcionar um resultado decorativo. N\u00e3o amarelece, tem&#8230;<\/p>\n","protected":false},"featured_media":0,"comment_status":"closed","ping_status":"closed","template":"","meta":{"_acf_changed":false,"_links_to":"","_links_to_target":""},"product_brand":[],"product_cat":[497,1290,1380],"product_tag":[],"class_list":{"0":"post-13926","1":"product","2":"type-product","3":"status-publish","5":"product_cat-aural-pt-pt","6":"product_cat-familias-pt-pt","7":"product_cat-tintas-para-fachadas","9":"first","10":"instock","11":"shipping-taxable","12":"product-type-simple"},"acf":[],"_links":{"self":[{"href":"https:\/\/jafep.com\/pt-pt\/wp-json\/wp\/v2\/product\/13926","targetHints":{"allow":["GET"]}}],"collection":[{"href":"https:\/\/jafep.com\/pt-pt\/wp-json\/wp\/v2\/product"}],"about":[{"href":"https:\/\/jafep.com\/pt-pt\/wp-json\/wp\/v2\/types\/product"}],"replies":[{"embeddable":true,"href":"https:\/\/jafep.com\/pt-pt\/wp-json\/wp\/v2\/comments?post=13926"}],"wp:attachment":[{"href":"https:\/\/jafep.com\/pt-pt\/wp-json\/wp\/v2\/media?parent=13926"}],"wp:term":[{"taxonomy":"product_brand","embeddable":true,"href":"https:\/\/jafep.com\/pt-pt\/wp-json\/wp\/v2\/product_brand?post=13926"},{"taxonomy":"product_cat","embeddable":true,"href":"https:\/\/jafep.com\/pt-pt\/wp-json\/wp\/v2\/product_cat?post=13926"},{"taxonomy":"product_tag","embeddable":true,"href":"https:\/\/jafep.com\/pt-pt\/wp-json\/wp\/v2\/product_tag?post=13926"}],"curies":[{"name":"wp","href":"https:\/\/api.w.org\/{rel}","templated":true}]}}

<p>Tinta para fachadas lisa de textura fina e elevada qualidade, elaborada com resinas de emulsão acrílica que conferem à tinta propriedades inovadoras: produto semi-elástico, elevada resistência aos raios ultravioleta e boa dureza.</p>
<p>Produto ideal para a proteção de fachadas com excecional brancura, cobertura e rendimento, para além de proporcionar um resultado decorativo.</p>
<p>Não amarelece, tem uma excelente resistência à deterioração da resina pelos raios UV, e um baixo odor. Impermeabiliza as fachadas mantendo a sua respirabilidade. A sua formulação contém aditivos conservantes para proteger a película.</p>
<p>&nbsp;</p>

<p>Tinta para fachadas lisa de textura fina e elevada qualidade, elaborada com resinas de emulsão acrílica que conferem à tinta propriedades inovadoras: produto semi-elástico, elevada resistência aos raios ultravioleta e boa dureza. Produto ideal para a proteção de fachadas com excecional brancura, cobertura e rendimento, para além de proporcionar um resultado decorativo. Não amarelece, tem&#8230;</p>
